 s. Let w = -29 + 29. Let v be -4*(-1)/4 - w. Determine o(v).
7
Let k(z) = 2*z + 16. Let r be k(-7). Let m(w) = -w + 1 - r*w + 2 + 5*w. Calculate m(5).
13
Let w be (3/2)/(-3*(-2)/(-8)). Let f(o) = 4 - 3 + 0 + 3*o - o. What is f(w)?
-3
Suppose 4*c - 12 = -208. Let f be (-2)/7 + (-1337)/c. Let g = -22 + f. Let m(j) = j + 1. Calculate m(g).
6
Suppose w - p = -3 - 1, 4*p - 7 = 3*w. Let k(s) = -s**3 - 10*s**2 - 10*s + 8. Give k(w).
17
Let l = 16 - 10. Let c = -51 + 54. Let s(y) = -31 + 4*y + 58 - 30 + 6*y**2 - y**c - 5*y. What is s(l)?
-9
Let k(l) = -9*l**2 + 4*l - 3. Let o(h) = 0*h**2 + 9*h**2 + 2 + 3*h**2 - 3*h - 4*h**2. Let t(y) = 2*k(y) + 3*o(y). Calculate t(-1).
7
Let n(l) be the first derivative of -40 - 1/3*l**3 + l - 7/2*l**2. Determine n(-5).
11
Let k(n) be the third derivative of n**5/40 - n**4/24 - 5*n**3/3 - 8*n**2. Let s(q) be the first derivative of k(q). Determine s(1).
2
Let p(i) = 3*i - 1. Suppose 4*u = q - 1 + 16, -3*u - 3*q = -15. Suppose -5*l = -5*n + 3 + 7, 3*n - 9 = u*l. Determine p(l).
-10
Let c(a) = a**2 + 5*a - 2. Suppose 0 = -7*n + 239 + 153. Let i = 50 - n. Calculate c(i).
4
Let f(v) = 352 - 702 + 29*v + 349. Determine f(-1).
-30
Let m(x) = -x - 4*x + 4*x. Let g be 1/(783/2667 - 4/14). Suppose g*o - 24 = 130*o. Give m(o).
8
Let x(r) = 16*r**3 + r**2 - 1. Let p(d) = -2*d**2 - 9*d + 4. Let n be p(-5). What is x(n)?
-16
Let x be (-5)/6 - 11/66. Let n(i) = -i**2 + 0 - 1 - i + 18*i**2. Give n(x).
17
Let d = 9 - 3. Suppose -p - d*v + v = 20, 16 = -5*p + 3*v. Let f(i) = i**2 + 6*i - 3. Give f(p).
-8
Suppose -4*y + 28 = h, 5*y + h = 2*h + 26. Suppose -6 = -q + 5*s, q + 0*q - 2*s - y = 0. Let w(c) = -5 - 2*c + 2*c + 1 + c. What is w(q)?
2
Let a = 93 + -27. Let u = -65 + a. Let s(n) = n**3 + n**2 - n. Determine s(u).
1
Let r(d) be the second derivative of -1/20*d**5 + 0*d**3 - 1/12*d**4 + d - d**2 + 0. What is r(-2)?
2
Let d(i) be the second derivative of 11*i**5/20 + i**4/12 + i**3/3 + i**2/2 - 53*i. Calculate d(-1).
-11
Let r(p) = -p**3 + 9*p**2 - 7*p + 2. Let l be 6 - 8*-1*3/12. What is r(l)?
10
Let q(r) be the first derivative of -r**3/3 - r**2 + 3*r - 257. Suppose 3*h = 7*h + 16. Determine q(h).
-5
Let r = 6 - 11. Let q = 0 - r. Let o(w) = -3*w + 2. What is o(q)?
-13
Let p(y) be the second derivative of y**5/20 - y**4/2 - 3*y**3/2 + 43*y. Calculate p(7).
-14
Let z = -2261 - -2258. Let b(u) = u + 6. Calculate b(z).
3
Let l(i) = 3 + 2921*i**2 - i + 2*i + i**3 - 2916*i**2 - 1. Determine l(-5).
-3
Suppose s + 18 = 2*k - 36, 2*s + 80 = 3*k. Let j(h) = 14*h + 17*h - k*h. Determine j(1).
3
Let w(r) = -r**3 + r + 1. Let q be ((-6)/8)/(((-312)/(-32))/(-13)). Let x(s) = -7*s**2 - 3*s - 6*s**3 + 0 - s**2 - 2. Let b(y) = q*x(y) - 5*w(y). What is b(-7)?
0
Suppose -12*f - 14 = -3*m - 16*f, -4*m + 27 = -3*f. Let t(i) = -i**2 + 6*i + 2. Determine t(m).
2
Suppose 2*y - 6 = -10. Let u(i) = 3. Let k(z) be the second derivative of z**3/6 - z**2/2 + 7*z. Let d(n) = 2*k(n) + u(n). Calculate d(y).
-3
Let w(k) = -k**3 + k**2 + k + 12. Suppose m = 3*m + 8*m. What is w(m)?
12
Let z(a) = 36 - 12*a + 11*a - 35. What is z(10)?
-9
Let p be ((-12)/10)/(1/(-5)). Suppose -4*o + 36 = 4*k, k = 3*o - 2*k + 3. Let l = o - p. Let j(c) = -c**3 - 4*c**2 + 2*c + 1. Give j(l).
-11
Let l(k) = 3 - k + 5 + 1. Let r be (-7)/(35/(-18))*(-435)/(-261). Determine l(r).
3
Let l(f) = -2*f**2 - f - 28. Let y(u) = -u**2 - 14. Let h(p) = 2*l(p) - 5*y(p). Determine h(6).
38
Let b(n) = -n**3 - 6*n**2 - 4*n + 1. Let w be b(-6). Suppose -2*d - 4*p + 22 = 0, d + 4*p = w - 6. Let c(a) = -a**2 + 5*a - 2. What is c(d)?
4
Let l(u) = u**3 - 7*u**2 - 10*u + 7. Let x = -289 - -297. Give l(x).
-9
Let b(x) = x**2 - 3 - x - 2 - x. Let r(l) = -l**2 + 2*l + 4. Let f(j) = -4*b(j) - 5*r(j). Suppose 14*u - 19*u - 10 = 0. Determine f(u).
8
Let c(x) = -x**3 + 7*x**2 + 2*x - 8. Let v(h) = 3*h + 3. Let k be v(-1). Let a be k/(-6*4/(-12)). Suppose 4*i - 12 - 16 = a. Determine c(i).
6
Let v(p) = p**3 - 11*p**2 - 12*p. Let s be v(12). Suppose -r + 4*q - 12 - 3 = 0, -10 = 3*r - 5*q. Let m(w) = w + 8 + r - 10. Determine m(s).
3
Let h be 2 - (6 - 0*(-2)/12). Let c(x) = 2*x - 4. Determine c(h).
-12
Let d(x) be the second derivative of -x**4/12 + 7*x**3/3 + 2*x**2 - 231*x. Calculate d(13).
17
Let v(r) = r**3 - 2*r + 2. Suppose 2*p + 2 = 3*p. Let c be 1 + (2 + p)*-1. Calculate v(c).
-19
Let p(f) = -f**2 + 2*f - 1. Let d be p(2). Let t be (d - -1)*(-1)/(-2). Suppose -k - 4 + t = 0. Let w(z) = z**3 + 5*z**2 + 5*z + 5. What is w(k)?
1
Let z(x) = x**2 + 6*x - 7. Suppose f + 3 = 3*y, 0*f + 20 = 4*f - 4*y. Suppose -2*t - f = 3*i, -2*i + 6*i - 28 = 4*t. Calculate z(t).
-7
Suppose 5*j - 7 + 5 = f, -6 = -f - 3*j. Suppose 12 = 4*u, 5*u - f = -5*r + 37. Let i(z) = z**2 - 2*z - 6. Give i(r).
9
Let r(g) = -13*g + 66. Let b(o) = 131*o - 125. Let k be b(1). Determine r(k).
-12
Let v(m) = 72*m**2 - 74*m**2 + 8*m**3 + m - 3*m**3. Let g(t) = -t + 1. Let o be g(0). Calculate v(o).
4
Let x(i) = -3*i + 2. Let w(j) = 7*j - 3. Let m(d) = 4*w(d) + 9*x(d). Suppose -a + 31 = 4*c + 112, -4*a + 76 = -4*c. Let f be 15/c*10*2/3. Calculate m(f).
1
Let f(u) = 3*u - 2. Suppose 3*h = 37 - 28. Suppose k = 4*p + 8, -h*p + k - 6 = 3*k. Determine f(p).
-8
Let j(z) = 0*z - 8 + 0 - 5*z + 4. Let k = 17 - 12. Let t = -8 + k. Determine j(t).
11
Let j(f) = f**2 + 33*f - 49*f + f**3 - 10 + 24*f - 9*f**2. Determine j(7).
-3
Let m(s) = 13*s**2 - 13*s - 39*s**2 + 10*s**2 + 15*s**2 + 7. What is m(-13)?
7
Let p(k) = k**2 - 2*k - 38. Let n(x) = -10*x**2 - 121*x - 5. Let i be n(-12). Determine p(i).
-3
Let c(q) be the third derivative of 3*q**4/8 - 64*q**2. What is c(-1)?
-9
Let q(k) be the third derivative of -k**5/60 - k**4/24 - k**3/2 + 394*k**2. Calculate q(-5).
-23
Let h(m) = 8*m + 11. Let a = -43 + 41. Give h(a).
-5
Suppose 4856*y - 4845*y + 22 = 0. Let q(v) = 0*v + 0*v + v**2 - 3 + v**3 - 2*v. Give q(y).
-3
Let z(b) be the third derivative of -1/60*b**5 + 0*b - 12*b**2 + 5/24*b**4 - 1/2*b**3 + 0. Let h = 3 - 0. Give z(h).
3
Let t(i) = -2*i - 7*i - 3*i + 2 + i**2 + 2*i. What is t(9)?
-7
Let s(m) = m**3 + 5*m**2 + 4*m + 7. Let n(p) = p + 9. Let l be n(6). Suppose 5 = 2*c + l. Calculate s(c).
-13
Let s(z) = -7*z**3 - 3*z - 8*z**3 + 18*z**3 - 4*z**3 + 6*z**2 + 9. Give s(6).
-9
Suppose -219*y + 225*y + 18 = 0. Let n(i) = 2*i**2 + i - 3. Determine n(y).
12
Let i(m) = -m**2 + 2. Let d be i(0). Let z = 5 + d. Let u(s) = s**2 - 7*s + 2. Give u(z).
2
Let h(u) = -2 + u**2 - 1 - 3*u**2 - 3*u + u**3. Suppose 2*a - 82 = 5*d, -a + 0*a - 2*d = -23. Let w = 34 - a. Determine h(w).
-3
Let j(x) be the third derivative of x**5/60 - 5*x**4/12 + 4*x**3/3 - 77*x**2 - x. Determine j(6).
-16
Let x(k) = 4*k**2 - 28*k - 14. Let f be x(10). Let h be f/22 - 2/(-44)*4. Let g(l) = l**2 - 3*l - 1. Calculate g(h).
9
Let k(c) = 25*c**3 - 8*c**2 + 14*c - 4*c**2 + 23*c**3 + 21*c**3 + 8 - 68*c**3. Determine k(10).
-52
Let m(l) = -2*l**3 - 3*l**2 + l + 2. Let s = 81 + -85. Let v be (s/5)/((-28)/(-70)). Give m(v).
4
Suppose 0 = 5*z - 9*z + 40. Let k(q) = -z*q + 0*q + 2*q + 7*q. Determine k(-2).
2
Let p = 6 + -26. Let s be (36/p + 1)/(6/(-30)). Let f(r) = -r**3 + 6*r**2 - 6*r. Give f(s).
8
Let q(l) = -2*l**3 - 3*l**2 + 2*l - 7. Let c(i) = 3*i**3 + 3*i**2 - 2*i + 8. Let o(x) = 3*c(x) + 4*q(x). Calculate o(3).
2
Let p(n) = n + 4. Suppose -14 = -6*u + 16. What is p(u)?
9
Let o(t) be the first derivative of -t**4/4 + 8*t**3/3 - 4*t**2 + 6*t + 17. What is o(7)?
-1
Let n(b) = b + 2. Let j(z) = 12*z - 7. Let o be j(5). Suppose o*k - 57*k = 20. Determine n(k).
-3
Suppose 2*h + 6 = -4*f, f + 13 = -4*f + 3*h. Let o(m) = -7*m**2 + 2*m - 1. Determine o(f).
-33
Let b(n) be the first derivative of 11*n**2 - n + 1. Let w = 38 + -39. What is b(w)?
-23
Let r(n) = n**2 - 13*n + 27. Let l be r(11). Suppose -30 = -l*a + 10. Let k(o) = o**2 - 9*o + 10. Give k(a).
2
Let n(y) be the second derivative of y**2 + 0 + 2*y + 1/6*y**3. Let q(a) = -a**3 - 9*a**2 + 10*a - 4. Let r be q(-10). Calculate n(r).
-2
Let b(g) = -g**3 + g**2 + g + 2. Let v(y) = y**2 + 11*y + 12. Suppose 5*f + 44 = 2*h, -7 = -4*f - h - 50. Let p be v(f). Give b(p).
0
Let a(g) be the first derivative of 3*g**2/2 - 87*g + 895. Calculate a(30).
3
Let h(t) = -t**2 + 5*t + 2. Let b be h(4). Let j be (-1)/(-2*1/b). Let u(q) = -8*q + 18*q - 8 + q**j - 14